m. Let b be n(-1). Let s(g) = g**2 - 2. Calculate s(b).
23
Let t(a) = -2*a + 17. Let j be -2 + 5 + 95/((-95)/(-5)). Give t(j).
1
Let i(p) = -p**3 + 3*p**2 + 2*p - 4. Let f be (0 - -1)/(9/27). Suppose -f*q - 66 = -6*q. Suppose 4*k + 5*b = q, 4*k - 3*k = b + 1. Give i(k).
2
Let y be -5 + -14*(-5)/(-30)*(-11 - -8). Let j(m) be the second derivative of -1/2*m**3 - m + 0*m**y + 0. Calculate j(1).
-3
Let s(n) = 3*n**2 - 25*n - 284. Let r be s(15). Let g(w) = w**2 - 12*w + 14. Calculate g(r).
78
Suppose -2*h - 5*x + 7 + 2 = 0, -4*h = 3*x + 3. Let w(k) be the third derivative of 0*k + 1/3*k**3 - 1/8*k**4 + 8*k**2 + 0. Give w(h).
11
Let p = 3 - -1. Suppose -p*w - 8*w = 24. Let j(b) = 2 + 24*b + 3*b**3 - 8*b - 5*b + 2*b**2 - 9*b. Calculate j(w).
-18
Let d(r) = r**3 + 5*r**2 + 3*r - 2. Let u = 24 + -5. Let q be 192/19 - 2/u. Let y be (-5)/(q/(-4)) + -6. Calculate d(y).
2
Let z(f) = -31*f - 15. Let m(q) = -810*q - 2435. Let p be m(-3). Determine z(p).
140
Let h(n) = -n**3 - n**2 - 4*n + 1. Let f be 24/(-21) + 19/133. Let b(a) = -a**3 + 4*a**2 - 3*a + 5. Let s(i) = f*b(i) + 2*h(i). Calculate s(-5).
-3
Let o(i) = 19*i + 4675*i**2 - 4675*i**2 + 20 - 7*i**3. Calculate o(-1).
8
Suppose g + g = -2*i, g = 3*i + 8. Let n(o) = 5 - o + 0 + g*o - 4. Calculate n(1).
2
Suppose 0 = 3*d + 2 - 17. Suppose 0 = h + 3*y - 7, 3 = d*h - 0*y - y. Let k be (h*(11 + -3))/2. Let z(i) = i**2 - 2*i + 1. Determine z(k).
9
Let g(o) = 3*o**2 + 43*o + 167. Let f(r) = -r**2 - 14*r - 50. Let y(z) = 7*f(z) + 2*g(z). Calculate y(-10).
4
Let d be -4 + 4*524/16. Let j(z) = 11*z**2 - 11 + 2 + 138*z - d*z + z**3. Calculate j(-10).
-19
Let g(h) = h**3 - 13*h**2 - h - 34. Let y = 13878 - 13865. What is g(y)?
-47
Let k = 2 + -4. Let p = 95 - 92. Let v(c) = -26252*c + 4*c**p - c**2 + 26250*c - 3*c**3. Give v(k).
-8
Let l(j) = -j**2 + 39*j + 535. Let u be l(-11). Let k(s) = -8*s + 0*s - 8 - 7*s - s**2. Determine k(u).
-8
Let o(q) = -4*q**2 - q**3 + 6*q + 4 - 3*q - 3*q. Suppose -129*f + 132*f - 2*d + 2 = 0, 2*f - 5*d - 6 = 0. What is o(f)?
-4
Let b(o) = -32*o + 1454. Let n(k) = 8*k - 329. Let l(c) = -2*b(c) - 9*n(c). What is l(8)?
-11
Let v(h) = 22*h**2 + 22*h. Let t(d) = 66*d**2 + 59*d + 1. Let x(q) = -3*t(q) + 8*v(q). Give x(-2).
-89
Let r be ((-85)/(-12) - (-46)/(-552))*4/7. Let m(t) = -4*t**2 + 5*t - 11. What is m(r)?
-55
Let p = -124 + 117. Suppose -4*b = -5*o + 24, 4*o + b - 39 + 3 = 0. Let l(u) = 5*u + 2*u - 6*u + o. Calculate l(p).
1
Suppose n + 29 = 5*b + 4*n, -3*b - 2*n = -17. Let q(d) = -14*d + 45*d - b - 14*d - 15*d. Give q(-3).
-13
Let m(k) be the third derivative of -k**8/5040 + k**7/5040 + k**6/180 - k**5/60 + k**4/3 + 76*k**2. Let c(y) be the third derivative of m(y). Determine c(3).
-29
Let g(i) = -i + 15. Suppose -5*x + 26 = 2*q, -4*q + 21 = x + 5. Let v(u) = u - 28. Let k(o) = x*v(o) + 9*g(o). What is k(7)?
-12
Suppose -6*l - 4*l + 30 = 0. Let w(k) = 0*k**l + 24*k**2 - k**3 + k - 14*k**2 + 1 - 11*k**2. Calculate w(0).
1
Let d(z) be the third derivative of z**6/120 - z**5/20 - z**4/12 - z**3/3 - 1133*z**2. Let l(b) = -b**3 + 4*b**2 - 3. Let a be l(4). Calculate d(a).
-50
Let i(c) = c**2 + 6*c. Suppose -a = -2*g + 11 - 2, -3*g - 27 = 3*a. Let v be (-6)/(a/2 - -3). Suppose -13 = p + 4*h - 0*h, v*p = -4*h - 28. What is i(p)?
-5
Let f(n) be the first derivative of -n**4/2 + 76*n**3/3 - 37*n**2 - 4*n - 4820. Give f(37).
-4
Let z(v) = -v - 5. Suppose -3*j = o + o - 139, 1 = -o. Let g = j - 43. Suppose 3*m - g*m = 0. Calculate z(m).
-5
Let x(u) = 2*u + 4. Let o be x(-7). Let b(p) = -p**2 - 10*p + 3. Let i be b(o). Let z(k) = -18 - 7*k**2 - 10*k - k**i - 10 + 22. What is z(-6)?
18
Let h = -12204 - -12201. Let b(z) = -z**3 - 3*z**2 - z + 7. Determine b(h).
10
Suppose -16 - 11 = -9*m. Let i(f) = m*f - 4*f - 3 - 1 - 2*f - 10*f. Give i(3).
-43
Let b(f) = 4*f - 9. Let q(n) be the second derivative of -n**4/6 - 19*n**3/6 + 7*n**2 + 5*n. Let i be q(-10). Calculate b(i).
7
Let n(q) be the third derivative of -q**4/12 - 7*q**3/3 - 5221*q**2 + q - 1. Give n(5).
-24
Let o(c) = -24*c**2 + 5*c - 1. Suppose -5*f + 3*p = 2 + 5, -2*f + 5*p = 18. What is o(f)?
-20
Let t(w) = -w - 5. Let s be 1106/(-9401) - (-2)/(-34)*15. Calculate t(s).
-4
Let p = -1070 - -1073. Let n(c) = -7*c**2 + 2*c + 1. Determine n(p).
-56
Let f(k) = k**3 - 16*k**2 - 3*k + 1. Let q be f(16). Let v = q + 46. Let y be 5 + ((-9)/15)/(v/(-5)). Let u(n) = 4*n. What is u(y)?
8
Let t(y) be the first derivative of -5*y**3/3 + 19*y**2/2 - 12*y - 177. What is t(8)?
-180
Let j(x) be the third derivative of 150*x**2 - 1/3*x**3 + 0*x + 0 - 1/3*x**4. Determine j(3).
-26
Suppose 539 = -19*k + 7. Let b be k/(-6) - (208/(-24))/(-13). Let g(h) be the first derivative of -2*h**2 + 4*h - 3. Determine g(b).
-12
Let w(t) = 4*t + 4. Let g(q) = 15*q + 5. Let b(m) = -5*m - 2. Let d(y) = 10*b(y) + 3*g(y). Let c(r) = 3*d(r) + 4*w(r). What is c(-1)?
0
Suppose -82*i = -127 - 1923. Let s(g) be the second derivative of -2*g**2 - 5/6*g**3 - i*g + 0. What is s(-6)?
26
Let o(p) = -p**3 - 4*p**2 - 2*p + 13. Suppose -46*c = 68 - 45 + 161. What is o(c)?
21
Let p(v) = -v**3 + 26*v**2 - 48*v + 10. Let n = -3035 + 3059. What is p(n)?
10
Let t(i) = i - 5. Suppose 0 = 3*n, 378*b - 381*b = 4*n + 18. What is t(b)?
-11
Let n(q) be the second derivative of -35*q**3/6 + 61*q**2/2 + 2136*q. What is n(2)?
-9
Let u(z) = 19*z - 32. Let l = 16009 - 16007. Give u(l).
6
Let o = 312 + -314. Let r(g) = 2*g**3 + g**2 + 52*g + 50*g + 48*g - 155*g - 5. Determine r(o).
-7
Let n(u) = -7*u**3 - 33*u**2 + 4*u - 29. Let p(t) = -3*t**3 - 16*t**2 + 2*t - 15. Let l(s) = 4*n(s) - 9*p(s). Calculate l(12).
-5
Let f(d) = -d**3 + 8*d**2 + 9*d - 81. Let u be f(8). Let v(w) = -w**3 - 9*w**2 - 2*w + 7. Determine v(u).
25
Let q be 15/3*-2 - -19. Suppose 8*p = 8*l - 9*l + 15, -l = -4*p + q. Let c(h) be the first derivative of h**4 + 1. What is c(l)?
-4
Let n(l) be the first derivative of l**3/3 - 13*l**2/2 - 13*l + 235. Calculate n(12).
-25
Let b(z) = 2*z**2 - 2*z - 10. Let w(h) = -3*h**2 + 4*h + 15. Let t(y) = 8*b(y) + 5*w(y). What is t(-2)?
-9
Let j(p) be the first derivative of -p**2/2 - p + 1483. Suppose 2*r + 5 = 5*n, 0 = -4*r + 3*n + 14 - 3. Give j(r).
-6
Let q(t) = -t**3 + 4*t**2 - t + 7. Let y = 89 - 85. Suppose 8 = y*g - 6*g - 4*j, 4*j = -16. What is q(g)?
3
Let y(a) = 3*a + 34. Let x(f) = -f**3 - 29*f**2 - 100*f - 8. Let i be x(-25). Give y(i).
10
Let r(m) = m**2 - 22*m + 73. Let i = 4318 + -4300. Determine r(i).
1
Let a(d) = 42*d**2 - 43*d**2 + 732740*d - 732737*d + 7. Suppose 5*c = -5, -3*c = 5*o - o + 15. What is a(o)?
-11
Let f(s) = -10 - s + 7 + 3*s + s**3 + 5*s**2. Let p be f(-3). Let g(y) = -2*y - 2 + y + p*y. What is g(-2)?
-18
Let o(p) = -p. Let t be o(-7). Suppose -t = 3*u + 8. Let s(q) = 0 - q - q**3 - 3 + 2*q + 7 - 4*q**2. Calculate s(u).
24
Let v(q) = -q**3 + 3*q**2 + q - 4. Suppose 0 = 650*n - 657*n + 7. Suppose 29*j - 27*j = 3*z - n, -z - 9 = -3*j. What is v(j)?
-16
Let u(d) = 6*d**2 + 2*d + 1. Let s(x) = -4*x + 6. Let a be s(-1). Suppose -3*i - a = 2. Let b(k) = -k**2 - 2*k + 7. Let v be b(i). Determine u(v).
5
Let g(p) = -p**2 - 2*p + 24. Let l = 2172 + -2179. What is g(l)?
-11
Let m(s) = -s + 0*s + 32 - 20. Suppose -20*r + 13*r = 1092. Let w = 156 + r. Determine m(w).
12
Suppose 4*y - 57*v = -62*v + 22, -5*y + 34 = 3*v. Let h(i) = -i**3 + 7*i**2 + 10*i - 20. Calculate h(y).
-4
Suppose -4*g + 240 = 13*z, -4*z - 80 = -7*z - 4*g. Let u(c) = -c**2 + 7*c + 8. What is u(z)?
-136
Suppose 2*v + 0 - 4 = 0. Suppose 4*i - v*y = 22, -2*i + 0*y + 5*y = -31. Let n(w) = -4*w + 2*w + i + w - 1. What is n(0)?
2
Let s(o) = 12*o**2 + 311*o + 40. Let y(n) = -4*n**2 - 105*n - 13. Let v(f) = -4*s(f) - 11*y(f). Determine v(-22).
5
Let q = -421 + 425. Suppose -s = q*j - 2*j - 8, -j + 5*s - 7 = 0. Let u(o) = -3*o**2 + 4*o - 1. Determine u(j).
-16
Let j(w) = w - 8. Let a be 14*5/6*3. Let d be 8 + 280/(-32) - 262/(-8). Suppose d*l + 18 = a*l. Calculate j(l).
-2
Let h(x) be the first derivative of -x**3/3 - 9*x**2 - 10*x + 491. Determine h(-17).
7
Let c(u) = -4*u + 4. Let g(i) be the second derivative of 5*i**3/3 - 193*i**2/2 - 39*i. Let a be g(19). Determine c(a).
16
Let i(f) = f**3 + 25*f**2 + 2*f + 48. Suppose 5*s - 82 = 5*x + 18, -4*s = 2*x + 70. Give i(x).
-2
Let i(x) = 9*x - 42. Let m(j) = -3*j + 14